 + 5 = -3*h - 31, f*h = 5*r - 65. What is the tens digit of (h/12)/((-2)/111)?
7
Let i(z) = z**2 - 18*z + 971. What is the thousands digit of i(28)?
1
Let s = 3633 + -2513. What is the units digit of s?
0
Suppose -56148 = -21*n + 13992. What is the hundreds digit of n?
3
Suppose -56 = 5*o + 244. Let t be o/(-8) + 3/(-6). Suppose 4*v + 0 = -a - t, 2*a + 5*v + 5 = 0. What is the units digit of a?
5
What is the units digit of 349248/448 + (-3)/(-7)?
0
Suppose 2*x - 18 = -4*x. Let y be (-1 + x)/((-1)/(-6)). Suppose -y*z + 16*z - 140 = 0. What is the tens digit of z?
3
Let d = -4 + 8. Suppose -d*m + 3*m + 45 = 0. What is the tens digit of m?
4
Suppose 0*a + 5*c + 21 = -a, 0 = 3*a + 4*c + 96. What is the units digit of (-24)/a*(-39)/(-2)?
3
Let v(f) = -10 - 16 + 17*f - f**2 + 9. Let j = 7 + 1. What is the units digit of v(j)?
5
Let m(v) = -v**3 - 48*v**2 - 45. What is the thousands digit of m(-49)?
2
Suppose 0 = 4*i + 2*h + 22, 0*i - 5*i - h - 32 = 0. Let z(n) = n**3 + 7*n**2 - 6*n + 5. Let a be z(i). Let y = a - 33. What is the units digit of y?
4
What is the tens digit of (-12)/24 - (-978)/4?
4
Let q = -8 - -11. Suppose -2*z = g - 3, 0*g - g + q = z. Let n = 8 + g. What is the tens digit of n?
1
Let g = -41 - 36. Let n = g + 221. What is the hundreds digit of n?
1
Let c be (3 + 2*65)*-2. Let j = -112 - c. What is the hundreds digit of j?
1
What is the thousands digit of (-15 - -2109) + 21/(-3)?
2
Suppose u - 10 = 5*p + 2*u, -4*u - 24 = 4*p. What is the tens digit of p - -33 - (-6)/(-2)?
2
Let h be (-280)/(-1)*1 + -15 + 13. Let u = h + -137. What is the tens digit of u?
4
Let w = 125 - 119. Suppose -566 - 160 = -w*v. What is the hundreds digit of v?
1
Let n be (-2)/4 - 570/(-20). Let c be 5452/n + 2/7. Suppose -i - c = -4*i. What is the units digit of i?
5
Suppose 2*b + 2*v = 3*v + 2691, -2696 = -2*b + 2*v. What is the tens digit of b?
4
Let u(w) = 24*w + 24. Let d be u(6). Suppose -2*l = -74 - d. What is the tens digit of l?
2
Suppose 3*q - 8*q = -15. Suppose -3*l + q*c = -183, -4*l + 4*c = -3*l - 76. Suppose -4*y - l = -p, -3*y = -6*p + p + 229. What is the units digit of p?
4
Let v(x) = x**3 - 16*x**2 + 15*x + 10. Let g = 123 + -107. What is the units digit of v(g)?
0
Let k(n) = 27*n**2 - 2*n - 1. Let p = 2 + -2. Suppose -3*a - 5*x + 12 = p, 5*a - 2*x + 10 + 1 = 0. What is the units digit of k(a)?
8
Let w(k) = -247*k**2 + 2 + 246*k**2 - 12 + 21*k - 5. What is the units digit of w(12)?
3
What is the units digit of 2/15 - (-3549)/45?
9
Let g = 14 - 7. Let d(q) = 2*q + g*q**2 + 6*q**2 - 4*q + q + q**3 + 18. What is the units digit of d(-13)?
1
Suppose 294*r - 301*r + 11522 = 0. What is the hundreds digit of r?
6
Let u be 324/3*84/9. Suppose 4*k = -10*k + u. What is the tens digit of k?
7
What is the thousands digit of 5 + 1 + 49585/47?
1
Suppose 5*x + 0 = 10. Suppose f - x*w = -4*f + 35, -3*f + 21 = 4*w. What is the units digit of f?
7
Suppose -4*l + 81 = 3*g, 3*l + 3*g = l + 33. Let p = 53 - l. What is the tens digit of p?
2
Let l(x) = x**3 + 7*x**2 - x - 5. Let o be l(-7). Let z(n) = -4*n + 2*n - 2 + 2 - 5 + n**o. What is the units digit of z(4)?
3
Suppose 600 = -0*c + 6*c. Suppose 5*t - c = -4*p, -5*p = 2*t - 6*t + 39. What is the units digit of t?
6
Suppose 3*d + h - 288 = 0, 88 = -3*d - 2*h + 376. Suppose u = -3*u. Suppose 4*t - d = -u*t. What is the units digit of t?
4
Suppose 5*t = -3*q + 1525, 0 = 5*t - 5 + 25. What is the hundreds digit of q?
5
Let i(w) = 22*w - 3. Let c be i(3). Suppose 0*b - 165 = 5*b + 2*g, -4*b - 2*g - 134 = 0. Let d = c + b. What is the units digit of d?
2
Let d(o) = 106*o**2 + 26*o - 58. What is the units digit of d(3)?
4
Let o = 19 - 15. Let v be (-2 + 2)/o + 25. What is the units digit of (-478)/(-10) + 5/v?
8
Let h(a) = a**3 - a**2 + 15*a. What is the tens digit of h(8)?
6
Let i(l) = 23*l**2 + 53. What is the tens digit of i(4)?
2
Let w = 3066 + -2002. What is the thousands digit of w?
1
Let g be -12*(4 + (-21)/6). Let b = g - -8. Suppose 0 = -b*x + 3*s + 11, 3*x + 7 = -4*s - 2. What is the units digit of x?
1
Let j be (-1758)/(-24) + 9/12. What is the units digit of (-32)/112 + j/14?
5
Suppose 8*f - 15 = 3*f. Let k(p) = 1 - 5 + 2 + f*p - p. What is the units digit of k(5)?
8
Let v(b) = 2*b - 27. Let r(j) = -j**3 + 7*j**2 - 4*j - 16. Let z be r(5). What is the units digit of v(z)?
1
Let n(t) = -3*t**2 + t - 6. Let o = 2 - -2. Let w(i) = 10*i**2 - 3*i + 17. Let u(g) = o*w(g) + 11*n(g). What is the units digit of u(-2)?
2
Suppose 10 = 6*s - 14. Suppose -s*p = p - 20. Suppose p*r - 6 = 86. What is the tens digit of r?
2
Let d be ((-2)/2 + 1)*1. Suppose b - 2 - 3 = 0. Suppose -b*g = -d*g - 75. What is the tens digit of g?
1
Let w(d) = d**3 + 5*d**2 - 14*d + 2. Let k be w(-7). What is the hundreds digit of ((-1362)/12 - k/(-4))*-1?
1
Let y(j) = j**3 - 17*j**2 - 11*j + 37. What is the tens digit of y(18)?
6
Let v = -4722 + 7797. What is the units digit of v?
5
Let j = 403 + -139. What is the units digit of j/16*(-56)/(-6)?
4
Suppose -17 = -3*n - 2*d, -d = 2*d - 12. Let i be (-1)/n - (-4)/12. Suppose -2*m + 1 + 13 = i. What is the units digit of m?
7
Let b = -240 + 4579. What is the thousands digit of b?
4
Let j(i) = -i**3 - 8*i**2 - 2*i - 5. Let l(s) be the first derivative of s**2 + 16*s - 3. Let q be l(-12). What is the units digit of j(q)?
1
Let b(d) = 2*d. Let f be b(1). Suppose -5*r = -2*l - f*r - 48, 48 = -2*l + 5*r. What is the units digit of 16/l - (-82)/6?
3
Let m(t) = 18*t**2 - 10*t - 14. What is the units digit of m(-7)?
8
Let w(a) = 2*a**3 - 8*a**2 - a + 25. What is the units digit of w(8)?
9
Let n = 1505 + -752. What is the hundreds digit of n?
7
Suppose -4*v + 2*a = -26, -v + 3*a = 4*v - 30. What is the units digit of -12*(6/v - (-415)/(-60))?
5
Let g = -97 + 108. What is the units digit of g?
1
Let i(t) = -t**2 + 1. Let d be i(-1). Let k(x) be the second derivative of x**5/20 + x**4/12 - x**3/6 + 53*x**2/2 + 14*x. What is the units digit of k(d)?
3
Suppose -17*v + 5737 + 3409 = 0. What is the tens digit of v?
3
Let a(u) = 2*u**2 + 12*u + 150. What is the hundreds digit of a(33)?
7
Let t(o) = -o + 12. Let f be t(2). Let j = -6 - -8. Suppose j*u = -f, -5*v - 3*u = -v - 65. What is the units digit of v?
0
Suppose -3 = 2*m - 9. Suppose 2*z = 4 - 8, -m*z = 5*v - 24. What is the units digit of v?
6
Let g = 32 + -28. What is the tens digit of 41 - 1*(-12)/g?
4
What is the tens digit of (5 - 2)/(20/2860)?
2
Suppose -7*m + 3*m + 296 = 0. Let n = m + -26. What is the tens digit of n?
4
Let k(d) be the third derivative of d**5/30 + 7*d**4/24 + 4*d**3/3 + 4*d**2. Let v(l) be the first derivative of k(l). What is the tens digit of v(6)?
3
Let m = 3 + -1. Suppose -2*v - 3*p + 31 = -34, 4*v = m*p + 122. What is the units digit of v?
1
Suppose 4*b + w - 24 = 0, 2 = b + 2*w + 3. Suppose 4*c + 519 = b*c. What is the hundreds digit of c?
1
Suppose 3*g = -12, 2*h + 2*g = -2*g - 52. Let z be h*(1 - -1)/(-2). Suppose 3*k + 4*t - 6*t = -5, -4*t + z = 2*k. What is the units digit of k?
1
Let v(f) = -f**2 - 5*f + 9. Let n(o) = -3*o**2 + 3*o. Let b be n(2). Let i be v(b). Suppose -i*x + 5 = -46. What is the units digit of x?
7
Suppose -435 = -2*v - v. What is the tens digit of v?
4
Let q = -10 + 27. Suppose 0 = -m + 103 - q. Suppose 3*d = -v + 13, -5*v - 2*d = -m - 5. What is the units digit of v?
9
Let t(l) = l**2 + 2*l + 7. Let i be (2 + -2)/(-1*2). Let p be t(i). Suppose -3 = -5*m + p. What is the units digit of m?
2
Let b be -2 - (3 + -1)/(-1)*22. What is the tens digit of b - 0 - (-75)/(-15)?
3
Suppose -5*a + a = 4*p - 284, -2*a - 138 = -2*p. Suppose c = 2*c + p. What is the tens digit of c/(-3) + (-9)/27?
2
Let t = -74 - -78. What is the units digit of 7/14 - (-486)/t?
2
Let b(g) = 64*g - 30. What is the units digit of b(7)?
8
Suppose 3*s - 3636 = n - 5*n, -n + 908 = s. What is the hundreds digit of n?
9
Let i be (-60)/(-14) - 22/77. Suppose 0*p = -i*p - 860. What is the tens digit of p/(-2 + -3) + 1?
4
Let x be (16/(-6))/(1636/1644 - 1). Suppose 0 = -7*o + x + 824. What is the units digit of o?
6
Let r(h) be the third derivative of -15*h**4/8 - 15*h**3/2 + 15*h**2. What is the units digit of r(-5)?
0
Let n = 15 + -2. Let v be 22 + -19 + (4/(-4) - 1). Suppose -v = 4*k - n. What is the units digit of k?
3
Suppose 10 = 4*